lse
Is 2282281 a prime number?
True
Is 177409 a prime number?
True
Is 339289 composite?
False
Is 11003 a prime number?
True
Is 3583435 a composite number?
True
Is 29081 composite?
True
Is 801733 composite?
False
Is 174721 a composite number?
False
Is 14519 a prime number?
True
Is 10541 a composite number?
True
Is 20759 prime?
True
Is 39673 a prime number?
False
Is 7655 prime?
False
Is 161159 a prime number?
True
Is 38803 prime?
True
Is 480911 prime?
True
Is 46489 composite?
False
Is 44123 a composite number?
False
Is 19831 a composite number?
True
Is 5906 a composite number?
True
Is 23369 prime?
True
Is 951851 a composite number?
False
Is 125807 composite?
True
Is 70963 a composite number?
True
Is 22247 composite?
False
Is 18923 a composite number?
True
Is 107693 a composite number?
False
Is 173249 prime?
True
Is 9034 a prime number?
False
Is 231317 a prime number?
True
Is 18646 composite?
True
Is 720269 prime?
False
Is 1123501 composite?
False
Is 697141 a prime number?
True
Is 18341 a prime number?
True
Is 8013 composite?
True
Is 17471 composite?
False
Is 217405 composite?
True
Is 114943 composite?
True
Is 186311 prime?
True
Is 1103735 composite?
True
Is 9019 a prime number?
False
Is 247309 a prime number?
True
Is 5737 a composite number?
False
Is 46502 a prime number?
False
Is 23929 prime?
True
Is 1472261 a composite number?
True
Is 48002 composite?
True
Is 177535 prime?
False
Is 104623 composite?
False
Is 286591 a prime number?
True
Is 389 a prime number?
True
Is 23857 prime?
True
Is 33931 composite?
False
Is 24019 a prime number?
True
Is 1076203 a prime number?
True
Is 36761 a composite number?
False
Is 96139 a prime number?
False
Is 87583 a composite number?
False
Is 1355 a prime number?
False
Is 10301 prime?
True
Is 147113 a composite number?
True
Is 9173 prime?
True
Is 46261 composite?
False
Is 9511 a prime number?
True
Is 268427 a prime number?
False
Is 25423 a composite number?
False
Is 7433 prime?
True
Is 320471 prime?
True
Is 241687 a prime number?
True
Is 297899 a composite number?
True
Is 22951 a composite number?
True
Is 17455 a composite number?
True
Is 7419 composite?
True
Is 25501 composite?
True
Is 4897 prime?
False
Is 30729 a prime number?
False
Is 418081 a prime number?
False
Is 8351 a composite number?
True
Is 6499 composite?
True
Is 19121 a composite number?
False
Is 3678713 composite?
False
Is 9677 a composite number?
False
Is 677531 prime?
True
Is 1262717 prime?
True
Is 1105937 a composite number?
True
Is 381418 composite?
True
Is 894679 prime?
False
Is 168695 a prime number?
False
Is 521 a composite number?
False
Is 328462 composite?
True
Is 6127 composite?
True
Is 13963 composite?
False
Is 195095 composite?
True
Is 381737 composite?
False
Is 66877 a composite number?
False
Is 1450627 a composite number?
True
Is 2461 a prime number?
False
Is 10261 a prime number?
False
Is 444071 prime?
False
Is 8513 a composite number?
False
Is 181205 prime?
False
Is 6689 prime?
True
Is 15791 a composite number?
False
Is 26153 a prime number?
True
Is 52211 prime?
False
Is 137369 a prime number?
True
Is 383257 a composite number?
True
Is 137081 prime?
False
Is 46499 a composite number?
False
Is 12659 a composite number?
False
Is 124327 prime?
False
Is 1553587 composite?
True
Is 745 prime?
False
Is 19861 a composite number?
False
Is 2785 prime?
False
Is 2789 a composite number?
False
Is 19289 prime?
True
Is 9797 a composite number?
True
Is 26947 a composite number?
False
Is 93 composite?
True
Is 218609 composite?
True
Is 362161 a composite number?
False
Is 160541 prime?
True
Is 29123 a composite number?
False
Is 117319 a composite number?
False
Is 2770151 a composite number?
True
Is 39257 composite?
True
Is 26759 prime?
True
Is 156535 composite?
True
Is 33314 a prime number?
False
Is 712051 composite?
False
Is 2579 prime?
True
Is 150313 a prime number?
False
Is 1369387 prime?
False
Is 101069 composite?
True
Is 887 composite?
False
Is 82762 a prime number?
False
Is 109637 a prime number?
False
Is 31793 a prime number?
True
Is 1124798 prime?
False
Is 317711 a prime number?
True
Is 7787 a prime number?
False
Is 66189 a composite number?
True
Is 29257 a composite number?
True
Is 56179 a composite number?
False
Is 36221 composite?
True
Is 38993 prime?
True
Is 21643 prime?
False
Is 287047 composite?
False
Is 12071 composite?
False
Is 18137 a prime number?
False
Is 100994 a prime number?
False
Is 565195 a prime number?
False
Is 1147547 composite?
True
Is 3304255 a composite number?
True
Is 18923 composite?
True
Is 10495 a prime number?
False
Is 88697 a prime number?
False
Is 12251 a prime number?
True
Is 18041 prime?
True
Is 1251527 a composite number?
False
Is 216703 a prime number?
True
Is 74289 composite?
True
Is 96553 prime?
True
Is 719029 a composite number?
True
Is 1673 composite?
True
Is 615031 a prime number?
True
Is 62389 composite?
True
Is 103053 a prime number?
False
Is 81637 composite?
False
Is 22189 a prime number?
True
Is 14851 prime?
True
Is 11021 composite?
True
Is 31831 a prime number?
False
Is 4621 composite?
False
Is 42839 prime?
True
Is 23891 a prime number?
False
Is 29611 composite?
False
Is 16661 prime?
True
Is 7773 a composite number?
True
Is 17267 composite?
True
Is 6866 prime?
False
Is 37333 prime?
False
Is 15905 a prime number?
False
Is 8779 prime?
True
Is 51703 prime?
False
Is 8501 a composite number?
False
Is 43531 prime?
False
Is 204749 a composite number?
False
Is 4853 composite?
True
Is 5897 a prime number?
True
Is 310979 a prime number?
False
Is 422 composite?
True
Is 605113 a prime number?
True
Is 1333 a prime number?
False
Is 375029 a prime number?
True
Is 618509 a prime number?
True
Is 210551 composite?
True
Is 88277 composite?
True
Is 26365 a prime number?
False
Is 1987 a composite number?
False
Is 117539 a composite number?
False
Is 1249 composite?
False
Is 4595 composite?
True
Is 74549 a composite number?
True
Is 960673 a composite number?
True
Is 91489 a composite number?
True
Is 150323 a prime number?
True
Is 195203 composite?
False
Is 2183339 a prime number?
True
Is 167381 a composite number?
False
Is 20593 composite?
False
Is 2429 composite?
True
Is 20893 prime?
False
Is 1860097 a composite number?
False
Is 36749 a prime number?
True
Is 3941 prime?
False
Is 60541 prime?
False
Is 14611 prime?
False
Is 302019 a prime number?
False
Is 17851 composite?
False
Is 132679 a prime number?
True
Is 596389 composite?
True
Is 397 prime?
True
Is 8171 a composite number?
False
Is 1992433 prime?
True
Is 40693 a composite number?
False
Is 1397 a composite number?
True
Is 2819 composite?
False
Is 8923 a composite number?
False
Is 1109 a prime number?
True
Is 1414471 a prime number?
False
Is 12391 prime?
True
Is 168761 composite?
False
Is 251 a prime number?
True
Is 4647 composite?
True
Is 219169 a prime number?
True
Is 4111 composite?
False
Is 561395 a composite number?
True
Is 40673 a prime number?
False
Is 1073 prime?
False
Is 146207 prime?
False
Is 8147 a composite number?
False
Is 2101439 a composite number?
False
Is 613789 composite?
True
Is 69074 composite?
True
Is 194195 a prime number?
False
Is 27299 composite?
False
Is 42505 prime?
False
Is 259411 prime?
True
Is 1693 composite?
False
Is 158329 a composite number?
False
Is 304841 a composite number?
True
Is 20287 a prime number?
True
Is 89477 a prime number?
True
Is 2602837 composite?
True
Is 28277 prime?
True
Is 251737 prime?
True
Is 829303 composite?
True
Is 271037 a prime number?
False
Is 98639 prime?
True
Is 298909 composite?
True
Is 521 a composite number?
False
Is 119713 prime?
False
Is 20611 a prime number?
True
Is 998 prime?
False
Is 28871 composite?
False
Is 63197 a composite number?
False
Is 39607 a prime number?
True
Is 66083 a prime number?
True
Is 5737 composite?
False
Is 1557797 prime?
True
Is 44017 prime?
True
Is 13001 composite?
False
Is 6821 prime?
False
Is 148279 composite?
False
Is 10394 prime?
False
Is 64679 a prime number?
True
Is 6947 a composite number?
False
Is 22111 a composite number?
False
Is 27491 a prime number?
False
Is 89771 a composite number?
True
Is 73067 a composite number?
True
Is 97127 a prime number?
True
Is 65339 prime?
False
Is 135427 composite?
False
Is 8989 prime?
False
Is 8147 composite?
False
Is 140977 a prime numb